{"id":6,"date":"2022-02-12T08:04:00","date_gmt":"2022-02-12T08:04:00","guid":{"rendered":"http:\/\/www.mutluelektrik.com\/?page_id=6"},"modified":"2022-02-12T08:29:20","modified_gmt":"2022-02-12T08:29:20","slug":"hakkimizda","status":"publish","type":"page","link":"http:\/\/www.mutluelektrik.com\/?page_id=6","title":{"rendered":"Hakk\u0131m\u0131zda"},"content":{"rendered":"\n<p>\u0130zmir Karaba\u011flarda 50 y\u0131ll\u0131k tecr\u00fcbemizle m\u00fc\u015fterilerimizin malzeme ihtiya\u00e7lar\u0131na tecr\u00fcbe ve deneyimlerimizle cevap veriyoruz.<\/p>\n","protected":false},"excerpt":{"rendered":"<p>\u0130zmir Karaba\u011flarda 50 y\u0131ll\u0131k tecr\u00fcbemizle m\u00fc\u015fterilerimizin malzeme ihtiya\u00e7lar\u0131na tecr\u00fcbe ve deneyimlerimizle cevap veriyoruz.<\/p>\n","protected":false},"author":1,"featured_media":0,"parent":0,"menu_order":0,"comment_status":"closed","ping_status":"closed","template":"","meta":[],"_links":{"self":[{"href":"http:\/\/www.mutluelektrik.com\/index.php?rest_route=\/wp\/v2\/pages\/6"}],"collection":[{"href":"http:\/\/www.mutluelektrik.com\/index.php?rest_route=\/wp\/v2\/pages"}],"about":[{"href":"http:\/\/www.mutluelektrik.com\/index.php?rest_route=\/wp\/v2\/types\/page"}],"author":[{"embeddable":true,"href":"http:\/\/www.mutluelektrik.com\/index.php?rest_route=\/wp\/v2\/users\/1"}],"replies":[{"embeddable":true,"href":"http:\/\/www.mutluelektrik.com\/index.php?rest_route=%2Fwp%2Fv2%2Fcomments&post=6"}],"version-history":[{"count":2,"href":"http:\/\/www.mutluelektrik.com\/index.php?rest_route=\/wp\/v2\/pages\/6\/revisions"}],"predecessor-version":[{"id":32,"href":"http:\/\/www.mutluelektrik.com\/index.php?rest_route=\/wp\/v2\/pages\/6\/revisions\/32"}],"wp:attachment":[{"href":"http:\/\/www.mutluelektrik.com\/index.php?rest_route=%2Fwp%2Fv2%2Fmedia&parent=6"}],"curies":[{"name":"wp","href":"https:\/\/api.w.org\/{rel}","templated":true}]}}